, -k + l - c = -2*k. What is the highest common factor of k and 94?
47
Let s(v) = 19*v**2 + 245*v + 11. Let y be s(-13). Calculate the highest common factor of y and 1036.
37
Let i = -7 - -9. Let g(y) = 98*y + 13. Let p be g(i). What is the greatest common divisor of p and 19?
19
Let b = 809 - 562. Suppose 3*v - 446 = u, -4*u + b = 3*v - 189. What is the highest common factor of v and 518?
74
Let t be 708*42/56 + (-6)/((-4)/(-2)). Calculate the highest common factor of 363 and t.
33
Let l(n) = -8*n - 324. Let p be l(-44). Calculate the greatest common factor of 119 and p.
7
Let q = -12 - -24. Suppose -11 = -5*g + 9. Suppose 0 = g*m + 3*p - 158 - 376, -518 = -4*m + 5*p. Calculate the greatest common factor of q and m.
12
Suppose x + 2*t + 6 = 0, 18 = 2*x - 2*t - 0*t. Suppose x*v - 30 = 290. What is the greatest common factor of v and 640?
80
Suppose -i + 14*c = 9*c - 1626, 2*i - 4*c - 3282 = 0. Calculate the highest common factor of i and 635.
127
Suppose 0 = 125*a - 204*a + 2923. Calculate the greatest common factor of 407 and a.
37
Suppose -d + 20 = 3*d, 0 = x + 4*d - 776. Suppose 9*b + 5*a - 227 = 0, b - a - 14 = 19. Calculate the highest common divisor of b and x.
28
Let p(q) be the third derivative of -q**4/24 + 14*q**3/3 - 27*q**2 + 4. Let a be p(-9). Let w = 882 + -586. Calculate the greatest common divisor of w and a.
37
Suppose -10*s + 17 + 3 = 0. Suppose s*g = 4*i + 8, 2*g = 2*i + i + 12. Let n = -31 - -163. What is the greatest common divisor of g and n?
12
Let z(l) = -2*l**3 + 10*l**2 + 4*l - 16. Let y be z(5). Suppose u - 3 = -4, -5*d - y*u + 3181 = 0. What is the highest common factor of 13 and d?
13
Let t(q) = -q**3 - 10*q**2 + 4*q + 43. Let z be (-3 + (3 - -4))*(-5)/2. Let f be t(z). What is the greatest common factor of 3 and f?
3
Suppose 0 = -13*m + 6*m + 602. Suppose 3*b - 4*u = 215, 124 = 3*b - 3*u - m. What is the highest common factor of 26 and b?
13
Let s = -10970 - -10984. What is the highest common factor of 49490 and s?
14
Suppose j - 33 = -5. Suppose 3*i - 13 = 4*a + 12, -4*i + 4*a + j = 0. Let y be ((-49 - 3)/4)/((-1)/i). Calculate the highest common factor of y and 78.
39
Let m = -10172 + 10893. What is the greatest common divisor of m and 21?
7
Suppose -5*f = 2*b - 405, 638 = 3*b - 5*f + 18. Let i(j) = 3*j**3 - 5*j**2 + 3*j - 4. Let n be i(3). Calculate the highest common divisor of n and b.
41
Let t = -55 + 72. Suppose 10*b = 810 + 380. Calculate the highest common divisor of b and t.
17
Let l = -53 - -53. Suppose 2*u - 5 - 1 = l. Suppose -3*i = -4*i + 2*o + 25, u*o = 0. Calculate the highest common divisor of i and 125.
25
Let d(n) = -4*n**3 - 25*n**2 + 14*n - 61. Let l be d(-9). What is the greatest common factor of l and 3344?
176
Let q = -5710 - -14146. Calculate the highest common factor of q and 84.
12
Let y(w) = 12*w**2 - 3*w + 3. Let v be y(2). Suppose 0 = 49*r - 5730 + 4995. Calculate the greatest common factor of r and v.
15
Let x(q) = 2*q**2 - 97*q + 665. Let n be x(7). Calculate the highest common divisor of n and 322.
14
Let h(n) = 172*n + 402. Let b be h(30). Calculate the highest common divisor of b and 54.
54
Suppose 0 = 5*m + l - 37, l = 5*m - 3*m - 12. Suppose m*x + 8 = 281. Calculate the highest common divisor of 13 and x.
13
Let f(t) = 2*t**3 - 400*t**2 + 398*t + 600. Let d be f(199). What is the highest common divisor of 1032 and d?
24
Let t(d) = -8*d - 35 - 40 - 31 + 0*d - 5. Let j be t(-14). Calculate the greatest common divisor of j and 1.
1
Let z = 23281 - 23265. Calculate the greatest common factor of z and 872.
8
Suppose -25 = 2*a + 4*k - 89, 5*a - 226 = k. Let t be ((-308)/(-6))/(8/24). Calculate the greatest common divisor of a and t.
22
Let k be 1881/(-171) + 3884*1. Calculate the greatest common factor of k and 3.
3
Let v be 5/2*(-191520)/(-200). What is the highest common factor of v and 54?
18
Let p = 11518 + -10107. Calculate the greatest common factor of 830 and p.
83
Suppose -4*u = 2*a - 87 - 35, 2*a - 4*u - 74 = 0. Calculate the highest common factor of a and 24451.
49
Let i = 7838 - 7187. Calculate the greatest common divisor of i and 63.
21
Suppose z + 4*w - 5 - 13 = 0, -5*w = 0. Suppose 35*t - z = 37*t. Let n(a) = -a**2 - 14*a - 19. Let g be n(t). Calculate the highest common divisor of g and 26.
26
Let f(w) = -3*w**2 + 6*w - 19. Let i be (-40)/(-7) - (-4)/14. Let c be f(i). Let n = c + 127. Calculate the highest common divisor of 48 and n.
12
Let g(y) = -273*y + 72. Let v(i) = 109*i - 29. Let z(r) = -5*g(r) - 12*v(r). Let s be z(1). Calculate the highest common factor of s and 54.
9
Suppose -15110*y - 32696 = -15646*y. Suppose 3*w + 342 = 3*t - 39, -4*w = 5*t - 590. Calculate the greatest common factor of t and y.
61
Suppose -5*f + 720 = 60. Suppose -7*o + 101 = -4. Suppose 3*d = -o*d + 198. What is the greatest common factor of f and d?
11
Let v = 224 - 220. Let k be 36/(1074/528*2 - v). What is the greatest common divisor of 48 and k?
48
Suppose 49678 = 29*z - 4998 - 1207. What is the greatest common factor of z and 141?
47
Let a(i) = i**3 + 7*i**2 - 16*i + 22. Let o be a(-9). Suppose 0 = 4*l - 36 - o. Calculate the greatest common divisor of l and 80.
10
Let n = 458 - 1037. Let g be n/(-15) + (-8)/((-160)/(-12)). What is the greatest common factor of g and 418?
38
Let u = 195 - 190. Suppose -9*p + 339 = w - u*p, 5*w + 5*p = 1620. What is the highest common factor of w and 11?
11
Suppose 9*d = 6*d - 5*s + 148, 5*d + 2*s = 234. Suppose 5*j - d = -6. What is the highest common factor of 26 and j?
2
Let l = 1173 - 1109. Let v = -13 - -21. Suppose 2*n - v = 0, -3*n - 52 = -4*k + 2*k. Calculate the greatest common factor of l and k.
32
Suppose r = -3*b + 57, -3*r - 2*r + 303 = -3*b. What is the greatest common factor of 7680 and r?
60
Let j(h) = -h**3 - 10*h**2 + 8*h - 143. Let z be j(-12). What is the highest common factor of 9653 and z?
49
Let n = -226 - -251. Suppose 210 = 28*r - n*r. What is the greatest common factor of 105 and r?
35
Let p = 1185 - 1089. Calculate the highest common divisor of p and 1056.
96
Suppose -h = 0, -6 = 4*d - 2*d + 3*h. Let q be 18 + -1 + -4 - (0 + d). What is the greatest common divisor of 32 and q?
16
Let p be (-2)/(-9) - (-52)/9. Let q be (2/4)/(28/4760). Suppose 5*y = -h + 23, 11*h - 6*h - 5*y = q. What is the greatest common factor of h and p?
6
Suppose -65 = -10*v + 15. Suppose 35 = -v*t - 597. Let q = -66 - t. What is the greatest common factor of 39 and q?
13
Let a be (-2)/((-364)/65 + 6)*-132. What is the greatest common divisor of 880 and a?
220
Let t(s) = 5*s - 7. Let d be t(-31). Let c be ((-14)/6)/(6/d). Calculate the highest common factor of 9 and c.
9
Let h = 4164 + -2938. Suppose -11*b = -6*b - 2*j - 2026, 3*b + 4*j - h = 0. What is the greatest common divisor of b and 174?
58
Let t be (-69)/2 - 153/(-102). Let y = -73 - -113. Let p = t + y. Calculate the greatest common factor of p and 35.
7
Suppose -34*b + 10*b + 13439 = -5641. Calculate the highest common divisor of b and 105.
15
Let u be (9 - (7 - -2))/2. Suppose u = 3*c - 5*t - 685 - 24, 3*c - 745 = -4*t. What is the greatest common factor of c and 81?
81
Let d = 5868 + -4031. Calculate the highest common divisor of 44 and d.
11
Let p be (-88 - -73)*(-14)/10. Suppose 3*n + 0*n = -3*f + p, 2*f = n - 1. Calculate the highest common factor of n and 80.
5
Let t = -11281 - -11754. What is the greatest common divisor of 1763 and t?
43
Let p = -23 - -24. Let q be ((354 - 11) + 5/(-1))/p. What is the greatest common factor of 52 and q?
26
Let s be ((-6)/(-8))/(0 - 1/(-68)). Let u = -58 + s. Let h be 6/(-21) - 37/u. Calculate the highest common divisor of h and 1.
1
Suppose 2*u = -2*j + 16, 7*j - 4 = 4*u + 2*j. Suppose -u*o - 5*w = -52 - 92, o + 3*w = 43. Let f = o + 6. Calculate the greatest common factor of 185 and f.
37
Let m be -3 + (-160)/(-15) - 4/6. Let l be 111 - m - 3/(-3). What is the greatest common divisor of 70 and l?
35
Suppose 36622 = 4*j + 37*t - 39*t, -2*t = -3*j + 27468. Calculate the highest common factor of j and 46.
46
Suppose -3*a + 0*a + 18 = i, 2*i - 5*a = -19. Suppose -i*q + 2 = -7. Suppose -2*t = g - 54, -t + 27 = -6*g + q*g. What is the greatest common factor of t and 9?
9
Let z = 56 - 54. Suppose -630 = -7*l - z*l. Calculate the highest common factor o